*y**2 + 608*y + 251. What is r(122)?
7
Let h(x) = -x**3 - 24*x**2 - 38*x + 126. Determine h(-22).
-6
Let i(a) = 3*a**3 + 333*a**2 + 318*a - 1316. Give i(-110).
4
Let o(x) = 17*x**2 - 7*x - 5. Calculate o(-1).
19
Let d(m) = 1160*m - 3479. What is d(3)?
1
Let q(z) = -2069*z - 4139. Determine q(-2).
-1
Let n(i) = i**3 - 14*i**2 - 26*i + 3. Calculate n(16).
99
Let a(r) = -42*r + 50. What is a(5)?
-160
Let b(w) = -3*w**2 - 58*w - 266. Calculate b(-10).
14
Let r(l) = l**2 - 2922*l + 11701. Determine r(4).
29
Let l(z) = -31*z - 719. Determine l(-23).
-6
Let m(d) = 8*d + 25. Determine m(-7).
-31
Let o(f) = 3246*f - 6496. Give o(2).
-4
Let c(k) = 19*k + 868. Give c(-40).
108
Let k(w) = 6*w**3 - 3*w**2 - 25*w - 49. Give k(4).
187
Let w(z) = -z**2 + 102*z - 1005. Calculate w(91).
-4
Let a(r) = -r**2 + 21*r + 689. Calculate a(36).
149
Let t(v) = -1235*v + 7459. Calculate t(6).
49
Let l(w) = -w**3 + 11*w**2 + 14*w - 148. Give l(11).
6
Let q(r) = r**3 - r**2 + 69. Determine q(6).
249
Let z(h) = -4*h + 24. Determine z(-22).
112
Let r(x) = 13*x + 8. Determine r(3).
47
Let g(u) = 10*u**2 - 159*u - 19. Give g(16).
-3
Let v(s) = -s**2 - 370*s - 3. Give v(0).
-3
Let m(x) = -x - 30. Give m(-7).
-23
Let l(n) = -n**3 - 11*n**2 + 9*n + 35. What is l(-10)?
-155
Let z(i) = 8*i**3 - 20*i**2 - 40*i + 4. Determine z(-2).
-60
Let k(n) = 3*n**3 + 14*n**2 - 41*n - 162. What is k(-5)?
18
Let n(o) = 3*o**3 - 17*o**2 + 545*o - 2676. Give n(5).
-1
Let z(w) = 46*w + 1975. Determine z(-43).
-3
Let c(r) = -r**2 - 73*r + 424. Determine c(6).
-50
Let p(x) = x**3 - 27*x**2 - 221*x - 560. Calculate p(34).
18
Let r(s) = -s**3 - 35*s**2 + 79*s + 1572. Calculate r(-36).
24
Let v(z) = 17*z**2 + 20*z + 2. Determine v(0).
2
Let c(x) = x**3 + 98*x**2 - 112*x - 1280. Give c(-99).
7
Let x(r) = 2*r**2 + 80*r - 882. Determine x(-49).
0
Let r(u) = -u**2 + 22*u - 22. Determine r(22).
-22
Let f(o) = 4966*o + 9914. Give f(-2).
-18
Let v(w) = -3*w**2 + 25*w + 1650. Give v(28).
-2
Let g(b) = -2*b**2 + 69*b + 568. What is g(42)?
-62
Let h(i) = i**3 + 53*i**2 + 318*i - 159. Calculate h(-46).
25
Let p(z) = -3*z**3 + 2*z**2 - 22*z - 44. What is p(-2)?
32
Let a(p) = -p**3 + 2*p**2 + 10*p - 77. Give a(0).
-77
Let g(m) = m**3 + 10*m**2 + 202. What is g(0)?
202
Let z(o) = 58*o - 4554. Calculate z(81).
144
Let q(w) = -3*w**3 - 2*w**2 - 7*w + 10. Calculate q(-3).
94
Let f(u) = -6*u**3 + 3*u**2 + u - 4. Give f(-2).
54
Let v(f) = -9*f**3 - 4*f**2 + 11*f - 19. Calculate v(2).
-85
Let r(c) = -19*c + 791. What is r(42)?
-7
Let t(s) = -2*s**3 - 21*s**2 - 9*s + 31. What is t(-8)?
-217
Let g(v) = 4*v + 147. Give g(-37).
-1
Let z(v) = -v**3 - 23*v**2 - 58*v + 44. What is z(-20)?
4
Let u(t) = 52*t - 4712. Give u(91).
20
Let u(l) = -l**2 - 58*l - 256. What is u(-53)?
9
Let o(u) = -u**3 + 38*u**2 + 80*u - 17. Give o(40).
-17
Let r(z) = 2*z**2 - 15*z + 8. What is r(0)?
8
Let v(d) = 2*d**3 - 14*d**2 + 82*d - 770. Determine v(8).
14
Let m(n) = -2*n**2 + 549*n - 5787. What is m(11)?
10
Let q(y) = -7430*y + 66875. What is q(9)?
5
Let f(q) = q**3 + 9*q**2 + 7*q - 34. Determine f(-9).
-97
Let t(w) = -w**3 - 22*w**2 + 103*w - 11. What is t(-26)?
15
Let q(f) = 2*f**2 - 6*f + 23. Determine q(5).
43
Let h(w) = w**2 + 130*w + 1734. Give h(-15).
9
Let p(m) = -317*m + 6311. Give p(20).
-29
Let q(x) = -x**3 + 25*x**2 + 50*x + 104. Determine q(27).
-4
Let l(i) = -i**3 - 31*i**2 - 27*i + 31. What is l(-30)?
-59
Let r(n) = n**2 + 204*n + 1378. Calculate r(-7).
-1
Let v(f) = -11*f**2 - 90*f + 536. Give v(6).
-400
Let o(n) = -n**3 + 32*n**2 + 30*n + 185. Calculate o(33).
86
Let y(r) = r**3 + 20*r**2 - 4*r + 1. What is y(-20)?
81
Let n(l) = -4*l**3 + l**2 - 36*l + 35. Determine n(1).
-4
Let t(j) = -5*j + 23. Determine t(5).
-2
Let q(t) = -683*t + 2730. Give q(4).
-2
Let y(z) = 7*z**2 - 60*z - 9. What is y(8)?
-41
Let x(u) = 9*u**3 - 237*u**2 - 987*u - 91. Give x(30).
-1
Let y(r) = -72*r - 1883. Determine y(-26).
-11
Let t(y) = -16*y + 104. What is t(15)?
-136
Let c(d) = -28*d + 537. Give c(19).
5
Let c(i) = -i**2 + 80*i - 379. Determine c(75).
-4
Let x(n) = 5*n - 944. Determine x(89).
-499
Let y(u) = -u**2 - 11*u - 54. What is y(14)?
-404
Let q(f) = -f**2 + 26*f + 221. Determine q(32).
29
Let k(n) = 13*n - 2. Give k(-3).
-41
Let s(r) = -4*r**2 - 15*r + 32. Determine s(-9).
-157
Let j(u) = -u**3 - 22*u**2 - 26*u + 48. Give j(-19).
-541
Let u(z) = -z**3 + z**2 + 127*z + 165. Give u(0).
165
Let w(m) = -m**2 + 177*m + 2874. What is w(-15)?
-6
Let g(d) = d**2 + 5*d - 188. What is g(12)?
16
Let x(w) = -w**3 + 96*w**2 + 301*w - 403. Give x(99).
-7
Let z(q) = q**2 - 25*q + 26. Give z(9).
-118
Let p(i) = 13*i**2 - i - 18. Calculate p(-3).
102
Let d(y) = -20*y**2 - 709*y + 44. Calculate d(-35).
359
Let l(x) = -9*x**2 - 126*x + 1852. What is l(-23)?
-11
Let l(r) = -179*r + 12136. Give l(67).
143
Let x(p) = -13*p**2 - 1211*p - 164. Calculate x(-93).
22
Let b(s) = 41*s**2 + 55*s + 1. Give b(-2).
55
Let q(m) = -3*m**2 - 6*m - 136. What is q(0)?
-136
Let q(n) = 4*n**2 + 114*n - 159. Give q(-30).
21
Let q(f) = 43*f + 971. What is q(-21)?
68
Let q(k) = k**2 + 52*k + 44. What is q(-52)?
44
Let z(n) = -n**2 + 23*n + 83. Calculate z(26).
5
Let t(y) = 11*y**2 + 235*y - 52. Give t(-21).
-136
Let t(z) = -z**2 - 757*z - 139350. What is t(-316)?
6
Let c(d) = 2056*d + 10254. Determine c(-5).
-26
Let l(w) = -w**2 + 356*w - 2112. Calculate l(6).
-12
Let f(u) = 17*u**3 - u**2 + u - 19. Give f(-4).
-1127
Let p(u) = -2*u**2 - 3784*u - 78584. Determine p(-21).
-2
Let i(z) = 18*z**2 + 834*z + 273. Calculate i(-46).
-3
Let f(y) = 32*y + 10294. Determine f(-322).
-10
Let x(s) = 9*s**2 - 86*s + 177. Give x(7).
16
Let h(u) = 50*u + 10204. Give h(-204).
4
Let g(x) = x**2 + 854*x + 4250. Determine g(-5).
5
Let u(r) = 38*r**2 - 44*r + 40. Calculate u(1).
34
Let m(u) = 59*u - 4107. Calculate m(66).
-213
Let v(d) = 94*d + 2636. Determine v(-28).
4
Let h(w) = w**2 - 3*w + 6. Determine h(3).
6
Let k(l) = -2*l**3 + 57*l**2 - 397*l - 53. Give k(16).
-5
Let a(t) = t**3 - 22*t**2 + 41*t - 139. What is a(19)?
-443
Let m(l) = -2*l**2 - 397*l + 5480. What is m(13)?
-19
Let h(a) = 20*a**3 + 11*a**2 - 30*a - 29. What is h(-1)?
-8
Let w(p) = 16*p**2 + 10*p. Determine w(-4).
216
Let w(b) = 2*b - 71. Calculate w(11).
-49
Let s(u) = u**3 - 13*u**2 - 14*u + 7. Calculate s(14).
7
Let p(x) = -x**3 + 29*x**2 - 27*x - 803. Calculate p(27).
-74
Let d(s) = s**3 - 9*s**2 + 30*s - 15. What is d(9)?
255
Let n(p) = 6*p**2 + 289*p + 329. Give n(-47).
0
Let a(g) = -2*g**3 + g**2 + 29*g - 18. Give a(5).
-98
Let q(l) = 105*l + 1641. Give q(-16).
-39
Let u(m) = 85*m + 209. What is u(0)?
209
Let q(l) = -2*l**2 - 175*l - 3834. Give q(-44).
-6
Let q(f) = 2*f**3 + 12*f**2 + 17*f + 2. Calculate q(-5).
-33
Let d(h) = 41*h - 1828. Calculate d(47).
99
Let s(k) = 12*k**2 - 731*k - 1578. Calculate s(63).
-3
Let n(m) = m**3 - 19*m**2 - 46*m - 84. What is n(21)?
-168
Let h(a) = -158*a - 246. What is h(-2)?
70
Let p(z) = -6*z - 866. Calculate p(-26).
-710
Let o(a) = 3*a**2 - 114*a + 1. Determine o(38).
1
Let o(k) = -10*k**3 - 2*k**2 - 5*k + 6. Give o(1).
-11
Let i(l) = l**2 + 352*l - 2876. Determine i(8).
4
Let v(t) = 561*t + 6125. Calculate v(-11).
-46
Let f(v) = -16*v - 246. Determine f(-14).
-22
Let f(k) = -2*k**2 - 31*k + 545. Determine f(-26).
-1
Let b(a) = -a**2 + 34*a - 12. What is b(0)?
-12
Let t(s) = 3*s**3 + 9*s**2 + 10*s - 2. Determine t(-3).
-32
Let l(t) = 2*t**3 - 105*t**2 - 54*t + 61. Calculate l(53).
8
Let u(j) = -j**2 - 92*j + 3612. Calculate u(-121).
103
Let u(r) = 18*r**3 + 14*r**2 + 3*r + 1. Determine u(-3).
-368
Let r(n) = 44*n - 816. Give r(14).
-200
Let z(o) = -45*o + 316. Give z(9).
-89
Let r(f) = -67*f - 726. What is r(-14)?
212
Let c(z) = -46*z + 304. What is c(7)?
-18
Let w(v) = -v**3 - 209*v**2 + 14*v + 2983. Calculate w(-209).
57
Let g(v) = 228*v + 16193. Calculate g(-71).
5
Let f(s) = 16*s + 857. Give f(-54).
-7
Let f(g) = 4*g - 152. What is f(39)?
4
Let x(f) = -2*f**2 + 30*f + 44. What is x(0)?
44
Let t(h) = h**2 + 1017*h - 14420. Determine t(14).
14
Let z(y) = 11*y**2 - 79*y - 84. Determine z(-1).
6
Let t(i) = 6*i**2 + 202*i + 126. Give t(-33).
-6
Let f(v) = -82*v + 1305. Determine f(16).
-7
Let i(k) = -k**3 - 16*k**2 + 6*k + 76. Give i(-16).
-20
Let l(n) = -n**3 + 33*n**2 - 83*n + 25. What is